{"id":150,"date":"2025-04-10T07:54:42","date_gmt":"2025-04-10T05:54:42","guid":{"rendered":"https:\/\/bkolacz.eu\/?page_id=150"},"modified":"2026-02-24T14:06:49","modified_gmt":"2026-02-24T13:06:49","slug":"cargether-vse-v-jedne-aplikaci-pro-milovniky-aut","status":"publish","type":"page","link":"https:\/\/bkolacz.eu\/?page_id=150","title":{"rendered":"CARGETHER \u2013 V\u0161e v jedn\u00e9 aplikaci pro milovn\u00edky aut"},"content":{"rendered":"\n<p><strong>CARGETHER je aplikace pro v\u0161echny milovn\u00edky aut<\/strong> \u2013 fanou\u0161ky rallye, sraz\u016f a unik\u00e1tn\u00edch automobilov\u00fdch m\u00edst. Jej\u00edm c\u00edlem je usnadnit hled\u00e1n\u00ed zaj\u00edmav\u00fdch akc\u00ed, sd\u00edlen\u00ed z\u00e1\u017eitk\u016f a budov\u00e1n\u00ed komunity lid\u00ed se stejnou v\u00e1\u0161n\u00ed.<\/p>\n\n\n\n<p><strong>Co CARGETHER nab\u00edz\u00ed?<\/strong><\/p>\n\n\n\n<p>\ud83d\udccd <strong>Mapa ud\u00e1lost\u00ed<\/strong> \u2013 najdi rallye, srazy a akce ve sv\u00e9m okol\u00ed<br>\ud83d\udcac <strong>Komunita nad\u0161enc\u016f<\/strong> \u2013 sd\u00edlej z\u00e1\u017eitky a objevuj nov\u00e1 m\u00edsta<br>\ud83c\udfc1 <strong>Tvoje obl\u00edben\u00e1 m\u00edsta<\/strong> \u2013 p\u0159id\u00e1vej a hodno\u0165 automobilov\u00e9 lokace<\/p>\n\n\n\n<p>A\u0165 u\u017e jsi \u0159idi\u010d, div\u00e1k nebo organiz\u00e1tor \u2013 <strong>CARGETHER ti otev\u0159e sv\u011bt automobilov\u00e9 kultury.<\/strong><br>P\u0159ipoj se a bu\u010f sou\u010d\u00e1st\u00ed t\u00e9to jedine\u010dn\u00e9 komunity! \ud83d\ude80\ud83d\udd25<\/p>\n\n\n\n<div class=\"wp-block-buttons is-content-justification-center is-layout-flex wp-container-core-buttons-is-layout-a89b3969 wp-block-buttons-is-layout-flex\">\n<div class=\"wp-block-button\"><a class=\"wp-block-button__link wp-element-button\" href=\"https:\/\/bkolacz.eu\/?page_id=129\"><strong>ENGLISH<\/strong><\/a><\/div>\n\n\n\n<div class=\"wp-block-button\"><a class=\"wp-block-button__link wp-element-button\" href=\"https:\/\/bkolacz.eu\/?page_id=91\"><strong>POLSKI<\/strong><\/a><\/div>\n\n\n\n<div class=\"wp-block-button\"><a class=\"wp-block-button__link wp-element-button\" href=\"https:\/\/bkolacz.eu\/?page_id=144\"><strong>DEUTSCH<\/strong><\/a><\/div>\n<\/div>\n\n\n\n<div style=\"height:30px\" aria-hidden=\"true\" class=\"wp-block-spacer\"><\/div>\n\n\n\n<div class=\"wp-block-buttons is-content-justification-center is-layout-flex wp-container-core-buttons-is-layout-a89b3969 wp-block-buttons-is-layout-flex\">\n<div class=\"wp-block-button\"><a class=\"wp-block-button__link wp-element-button\" href=\"https:\/\/apple.co\/3GKNUZI\" target=\"_blank\" rel=\"noreferrer noopener\">ST\u00c1HNOUT iOS<\/a><\/div>\n\n\n\n<div class=\"wp-block-button\"><a class=\"wp-block-button__link wp-element-button\">CARGETHER WEB<\/a><\/div>\n\n\n\n<div class=\"wp-block-button\"><a class=\"wp-block-button__link wp-element-button\" href=\"https:\/\/play.google.com\/store\/apps\/details?id=bkolacz.eu&amp;hl=cz\" target=\"_blank\" rel=\"noreferrer noopener\">ST\u00c1HNOUT ANDROID<\/a><\/div>\n<\/div>\n\n\n\n<div style=\"height:40px\" aria-hidden=\"true\" class=\"wp-block-spacer\"><\/div>\n\n\n\n<figure class=\"wp-block-gallery has-nested-images columns-default is-cropped wp-block-gallery-1 is-layout-flex wp-block-gallery-is-layout-flex\">\n<figure class=\"wp-block-image size-large\"><img loading=\"lazy\" decoding=\"async\" width=\"1024\" height=\"768\" data-id=\"102\" src=\"https:\/\/bkolacz.eu\/wp-content\/uploads\/2025\/03\/POST4-1024x768.png\" alt=\"\" class=\"wp-image-102\" srcset=\"https:\/\/bkolacz.eu\/wp-content\/uploads\/2025\/03\/POST4-1024x768.png 1024w, https:\/\/bkolacz.eu\/wp-content\/uploads\/2025\/03\/POST4-300x225.png 300w, https:\/\/bkolacz.eu\/wp-content\/uploads\/2025\/03\/POST4-2000x1500.png 2000w\" sizes=\"auto, (max-width: 1024px) 100vw, 1024px\" \/><\/figure>\n\n\n\n<figure class=\"wp-block-image size-large\"><img loading=\"lazy\" decoding=\"async\" width=\"1024\" height=\"768\" data-id=\"103\" src=\"https:\/\/bkolacz.eu\/wp-content\/uploads\/2025\/03\/POST5-1024x768.png\" alt=\"\" class=\"wp-image-103\" srcset=\"https:\/\/bkolacz.eu\/wp-content\/uploads\/2025\/03\/POST5-1024x768.png 1024w, https:\/\/bkolacz.eu\/wp-content\/uploads\/2025\/03\/POST5-300x225.png 300w, https:\/\/bkolacz.eu\/wp-content\/uploads\/2025\/03\/POST5-2000x1500.png 2000w\" sizes=\"auto, (max-width: 1024px) 100vw, 1024px\" \/><\/figure>\n\n\n\n<figure class=\"wp-block-image size-large\"><img loading=\"lazy\" decoding=\"async\" width=\"1024\" height=\"768\" data-id=\"101\" src=\"https:\/\/bkolacz.eu\/wp-content\/uploads\/2025\/03\/POST6-1024x768.png\" alt=\"\" class=\"wp-image-101\" srcset=\"https:\/\/bkolacz.eu\/wp-content\/uploads\/2025\/03\/POST6-1024x768.png 1024w, https:\/\/bkolacz.eu\/wp-content\/uploads\/2025\/03\/POST6-300x225.png 300w, https:\/\/bkolacz.eu\/wp-content\/uploads\/2025\/03\/POST6-2000x1500.png 2000w\" sizes=\"auto, (max-width: 1024px) 100vw, 1024px\" \/><\/figure>\n<\/figure>\n\n\n\n<div style=\"height:132px\" aria-hidden=\"true\" class=\"wp-block-spacer\"><\/div>\n","protected":false},"excerpt":{"rendered":"<p>CARGETHER je aplikace pro v\u0161echny milovn\u00edky aut \u2013 fanou\u0161ky rallye, sraz\u016f a unik\u00e1tn\u00edch automobilov\u00fdch m\u00edst. Jej\u00edm c\u00edlem je usnadnit hled\u00e1n\u00ed zaj\u00edmav\u00fdch akc\u00ed, sd\u00edlen\u00ed z\u00e1\u017eitk\u016f a budov\u00e1n\u00ed komunity lid\u00ed se stejnou v\u00e1\u0161n\u00ed. Co CARGETHER nab\u00edz\u00ed? \ud83d\udccd Mapa ud\u00e1lost\u00ed \u2013 najdi rallye, srazy a akce ve sv\u00e9m okol\u00ed\ud83d\udcac Komunita nad\u0161enc\u016f \u2013 sd\u00edlej z\u00e1\u017eitky a objevuj nov\u00e1 m\u00edsta\ud83c\udfc1 &hellip; <\/p>\n<p class=\"link-more\"><a href=\"https:\/\/bkolacz.eu\/?page_id=150\" class=\"more-link\">Read more<span class=\"screen-reader-text\"> &#8222;CARGETHER \u2013 V\u0161e v jedn\u00e9 aplikaci pro milovn\u00edky aut&#8221;<\/span><\/a><\/p>\n","protected":false},"author":1,"featured_media":72,"parent":0,"menu_order":0,"comment_status":"closed","ping_status":"closed","template":"","meta":{"inspiro_hide_title":false,"footnotes":""},"class_list":["post-150","page","type-page","status-publish","has-post-thumbnail","hentry"],"jetpack_sharing_enabled":true,"_links":{"self":[{"href":"https:\/\/bkolacz.eu\/index.php?rest_route=\/wp\/v2\/pages\/150","targetHints":{"allow":["GET"]}}],"collection":[{"href":"https:\/\/bkolacz.eu\/index.php?rest_route=\/wp\/v2\/pages"}],"about":[{"href":"https:\/\/bkolacz.eu\/index.php?rest_route=\/wp\/v2\/types\/page"}],"author":[{"embeddable":true,"href":"https:\/\/bkolacz.eu\/index.php?rest_route=\/wp\/v2\/users\/1"}],"replies":[{"embeddable":true,"href":"https:\/\/bkolacz.eu\/index.php?rest_route=%2Fwp%2Fv2%2Fcomments&post=150"}],"version-history":[{"count":4,"href":"https:\/\/bkolacz.eu\/index.php?rest_route=\/wp\/v2\/pages\/150\/revisions"}],"predecessor-version":[{"id":411,"href":"https:\/\/bkolacz.eu\/index.php?rest_route=\/wp\/v2\/pages\/150\/revisions\/411"}],"wp:featuredmedia":[{"embeddable":true,"href":"https:\/\/bkolacz.eu\/index.php?rest_route=\/wp\/v2\/media\/72"}],"wp:attachment":[{"href":"https:\/\/bkolacz.eu\/index.php?rest_route=%2Fwp%2Fv2%2Fmedia&parent=150"}],"curies":[{"name":"wp","href":"https:\/\/api.w.org\/{rel}","templated":true}]}}